/10080 + i**7/5040 - i**5/15 - 2*i**2. Let n(p) be the third derivative of k(p). Give n(1).
0
Let p(n) be the third derivative of n**7/840 - n**6/180 - n**4/24 - n**3 - 6*n**2. Let s(q) be the first derivative of p(q). What is s(3)?
8
Let k(a) = -a**2 + 6*a - 5. Let s(i) = -i**3 + 6*i**2 - 13*i + 17. Let o be s(3). Calculate k(o).
0
Let l(m) = 8*m - 8455*m**2 - 2 + 8457*m**2 - m. Suppose 3 = -3*n, -3*j + n - 17 = 3*n. Give l(j).
13
Let l(m) be the third derivative of m**4/4 + m**3/6 - 2*m**2. Suppose 19*d - 10 - 9 = 0. What is l(d)?
7
Let p be 3*((-16)/4 + 5). Let v(o) be the first derivative of -5/3*o**p - 1/4*o**4 - 3/2*o**2 - o - 4. Calculate v(-4).
-5
Let g(m) = -2*m - 3*m - m + m**2. Let c(h) = 4*h + 10. Let i be c(-4). Let f be (-60)/(-6)*i/(-15). Determine g(f).
-8
Let b(o) = -7*o. Let x(f) = 99*f + 21. Let j(t) = 15*b(t) + x(t). Determine j(6).
-15
Let x(m) = -53*m - 47*m + 69*m - 7. Let y(b) = 5*b + 1. Let z(d) = -6*x(d) - 39*y(d). What is z(2)?
-15
Let p be 23/69 - (-1)/(-3). Let t(z) be the third derivative of -6*z**2 + p*z - 1/24*z**4 + 1/6*z**3 + 1/15*z**5 + 0. Calculate t(1).
4
Let o(i) be the third derivative of -i**5/60 + 3*i**4/8 - i**3/2 + i**2. Let n be 1350/(-60)*4/(-15). What is o(n)?
15
Let g(t) = t. Let u(j) = 7*j + 11. Let q be u(3). Suppose -4*n + 12 = q. Determine g(n).
-5
Let h be 1*0/(9/(-3)). Suppose -4*d + 5*r + 8 = 0, 0 = -h*d - 3*d - 3*r - 21. Let a(c) = -16*c**2 + 6*c**2 + 6*c**2 + 0*c**3 - 4*c - 2 - c**3. What is a(d)?
1
Let h(k) be the third derivative of -k**5/30 - k**4/8 - k**3/2 - k**2. Let r(i) = -2*i + 0 + 1 - 3*i + i. Let v be r(1). Give h(v).
-12
Let n(l) = -9*l**2 + l + 6. Let t be n(0). Let i(y) be the second derivative of t*y - 3/2*y**2 + 1/6*y**3 + 1/12*y**4 + 0. Calculate i(0).
-3
Let m = 5 - 3. Let l(j) be the third derivative of -j**6/40 + j**5/15 - j**4/8 - 84*j**2. Calculate l(m).
-14
Suppose -138*t + 152*t = -42. Let i(r) = -6*r - 6. What is i(t)?
12
Let t = -1548 + 1545. Let f(q) = 2*q**2 + 5*q + 3. Determine f(t).
6
Let t(w) = w - 12824 + w**3 + 4*w**2 + 2*w + 12824. Calculate t(-2).
2
Let z(b) be the third derivative of -23*b**4/12 + b**3/2 - 785*b**2. Calculate z(1).
-43
Let i(z) = 7*z**3 - 14*z**2 - 21*z - 9. Let s(o) = 11*o**3 - 21*o**2 - 32*o - 14. Let b(c) = -8*i(c) + 5*s(c). What is b(8)?
2
Let h be ((-6)/(-9))/((-1)/(-3)). Let p(s) = 8 - 13 + h*s + 2. Give p(-3).
-9
Let h(p) = 6*p**3 + 5*p**2 - 12*p + 12. Let b(l) = l**3 + 1. Let u(z) = 5*b(z) - h(z). Determine u(-7).
7
Let w(i) = -11*i - 2. Suppose -5*k - 3 = 7. Calculate w(k).
20
Let l(x) = x**2 - x + 6. Let j(t) = -t**2 + t + 25. Let d be j(5). Determine l(d).
26
Suppose 2*d - 2 = k + d, 0 = -2*d. Let j(l) = -5*l - 2. Let i be j(-1). Let q(z) = 5 + 7*z - 1 - 5 + i. Give q(k).
-12
Let u(c) = -c**3 + 6*c**2 + 4. Let j(k) = k**3 - k**2 - k + 3. Let m be j(2). Calculate u(m).
29
Let t(h) = 40 + 79*h - 168*h + 68*h + h**2. What is t(19)?
2
Let u(o) = -7*o**2 - 6*o + 5. Let a = -6 + 5. Suppose 3*k - 24 = -k. Let y(j) = -j**2. Let g(p) = a*u(p) + k*y(p). Calculate g(-6).
-5
Let f(a) = a**3 + 3*a**2 - 7*a - 3. Let r be f(2). Let c(u) be the second derivative of 2*u**2 - 1/3*u**4 + 0 - 4*u + 1/20*u**5 - 1/3*u**r. What is c(3)?
-11
Let t(r) = 402*r + r**3 - 398*r - 3*r**2 - 2*r**3 + 2. Let b be 36/(-30)*(-20)/(-6). Give t(b).
2
Let n(r) be the first derivative of r**4/4 + r**3/3 - r**2/2 + 3*r - 12. Let j be n(0). Let q(t) = t - j*t + 5*t - 4*t. Determine q(7).
-7
Suppose -p = 4*p - 30. Let z(y) = -7*y - 13. Let g(x) = 4*x + 8. Let b(d) = 5*g(d) + 3*z(d). Give b(p).
-5
Let a(u) = u**3 + 8*u**2 + 15*u + 15. Suppose 50*q - 11*q + 234 = 0. Give a(q).
-3
Let o be 60/9 - 2/(-6). Let g(q) = 0*q + 8*q - 1 - 14*q**2 + 3*q**2 + 10*q**2. Calculate g(o).
6
Let m be 4 + 2 - (4 - 8). Let r(w) = w**2 + w - w**3 + 4*w**2 - m*w**2 + 4*w**2. What is r(-2)?
2
Let t(n) be the first derivative of -n**2/2 - 3*n + 193. Suppose 5*y + x = -29, -x = -2*y - 4 - 2. Calculate t(y).
2
Let g(p) = 5*p**3 - p - 1. Suppose 0 = -5*h + 3*x + 15, 0 = 4*h - 4*x - 6 - 14. Suppose h = z + 3*n - 14, -n = 3*z + 4*n - 22. Give g(z).
-5
Let o = -21 + 32. Let f(z) = -z**3 - z**2 - 2*z**2 + 2*z**3 + 3 + o*z - 16*z. Determine f(4).
-1
Let l = 676 + -672. Let q(v) = -v**2 + 5*v + 2. Calculate q(l).
6
Suppose 0 = 11*o - 16*o + 45. Suppose -3*x + 12 + o = 0. Suppose -4*t - 18 = -x*t. Let z(j) = j**3 - 7*j**2 + 7*j - 5. Calculate z(t).
1
Let v(x) = x**3 + 3*x**2 - 5*x - 4. Suppose r - 83 = 2*i, 4*i = r - 73 - 92. Let d = i + 37. What is v(d)?
0
Let t be (-8)/(-10)*(13 - 8). Suppose 0 = -6*z + t*z - 14. Let a(h) = -h**3 - 4*h**2 - 3*h + 1. Let v(r) = r**2 - r. Let u(c) = a(c) - 3*v(c). Determine u(z).
1
Suppose 0 = -5*j + 85 + 80. Suppose 0 = -9*t + 21 + j. Let r(b) be the second derivative of -b**3/6 + 2*b. Determine r(t).
-6
Let j(y) = -y**2 + y + 1. Suppose 5*d - 265 = -5*i, -2*d + 106 = 2*i - 3*d. Let m = 57 - i. Give j(m).
-11
Let m(p) be the first derivative of -p**2/2 - p - 13. Let j be m(5). Let d(q) = q**2 + 4*q - 2. Determine d(j).
10
Let p be 33 + 2 + (-6 - -4). Let s(q) = -61*q**2 - 8 + 8*q + p*q**2 + 27*q**2. Let y = 13 - 7. Determine s(y).
4
Suppose 11 = -3*l - 13. Let h = -4 - l. Let p(z) be the third derivative of z**6/120 - z**5/15 - 2*z**3/3 + 21*z**2. Determine p(h).
-4
Suppose 3 = m + 9. Let r(n) = -n**2 - n - 4. Let k(w) = -w**2 - 2*w - 5. Let i be (-84)/24 - (-3)/(-2). Let z(y) = i*k(y) + 4*r(y). Calculate z(m).
9
Suppose 0 = 3*j + 3*z - 15, 0 = 2*j - 4*z - 3 + 5. Let o(b) = -j*b - 6*b**2 - 7*b + 2 - b**3 + 4*b. Let g be (40/(-16))/((-2)/(-4)). Determine o(g).
7
Let h(j) = 3*j**2 + 15*j - 5. Suppose -35 = 7*a - 0. What is h(a)?
-5
Let h(i) = i**2 - 4*i + 6. Let o be h(3). Let p(q) = 5 - 2*q**o + 7*q**3 - 4 - q**2 + q. Determine p(-1).
-6
Suppose -216*n = -238*n - 88. Let t(m) = -m**3 - 4*m**2 - m + 5. Calculate t(n).
9
Let q(f) = -2*f - 24. Let a(s) = -2*s - 22. Let b(c) = -4*a(c) + 3*q(c). Give b(-13).
-10
Let u(h) = h**3 - 9*h**2 + h - 11. Let l be u(9). Let v(k) = 5*k + 5. Determine v(l).
-5
Let n(x) = -10*x**3 + 3*x**2. Let w(f) = -29*f**3 + 8*f**2. Let z(d) = -11*n(d) + 4*w(d). Suppose -2 = -3*g + g, 5*g - 4 = c. Give z(c).
-7
Let n(h) = h + 6. Let u = -410 - -419. Calculate n(u).
15
Let t(c) be the second derivative of 1/2*c**2 - 1/6*c**4 + 2/3*c**3 - 14 - 2*c. Suppose u = d + 4, 20 = 8*u - 3*u - 4*d. Calculate t(u).
-15
Let q be ((-568)/(-710))/(4/(-30)). Let k(s) = -s**3 - 7*s**2 - 7*s + 11. Calculate k(q).
17
Let b(y) = 2*y**2 - 3*y + 1. Suppose -5*n + 31 = 4*u, 2*u + 3*n - 17 = -0*u. Suppose 2*s - 6 = -u. Let g(f) = 3*f**2 - f. Let d be g(s). What is b(d)?
3
Let r(p) = 396*p + 14 - 795*p + 400*p. Determine r(-13).
1
Let b(g) = g**2 - 5*g + 2 + g**2 - 7*g**2 + 6*g**2. Let k be b(5). Let d(o) = -o**3 - o**2 + o + 1. Give d(k).
-9
Let c(m) = -m**3 - 4*m**2 + 3*m - 11. Suppose 0*a = -a + 3*k + 4, -4*k = -4*a - 8. What is c(a)?
-1
Let u(i) be the third derivative of 11*i**2 + 0 + 1/24*i**4 + 0*i**3 + 0*i. Calculate u(1).
1
Let o = 37 + -33. Let l(j) = 6*j**2 + 5*j - 7*j**2 + o*j - 6*j - 3. Give l(4).
-7
Let f(n) = n - 11. Let d be (-1)/(12/(-10) - -1). Suppose 0*h + z - 4 = -d*h, -z + 4 = 2*h. Suppose -5*x + 17 + 8 = h. Give f(x).
-6
Suppose -82*a - 15 = -87*a. Let y(f) = -99*f**2 - 4 + 91*f**2 - f**a + 1 - 5*f. Determine y(-7).
-17
Suppose -3*z + 11 = -4*y - 6, 1 = -2*y - z. Let p(i) = -4*i**2 - 4*i - 2. Let q(g) = -18*g**2 - 5*g + 14*g**2 - 2 + g. Let j(s) = -6*p(s) + 7*q(s). Give j(y).
-10
Let p(k) = -k**2 - 1. Let f(i) = -i**3 - 7*i**2 + 5*i - 3. Let w be f(-8). Let m be 14/w - 1/(-3). Determine p(m).
-2
Suppose 2*x - 13 = -3*g, 3*g - 3*x - 29 = 4. Let n = g + -6. Let w(d) be the second derivative of -7*d**3/6 - d**2/2 - 13*d. Calculate w(n).
-8
Let c(o) be the first derivative of 7*o**2 + 12*o - 234. Determine c(-5).
-58
Let b(l) = l**3 - l - 5. Let p(w) = -2*w**2 + 58*w - 56. Let j be p(28). What is b(j)?
-5
Suppose 0 = 3*y + 5*w - 4, 24 - 20 = y - w. Let n(t) = -2*t**3 + 5*t**2 + 2*t + 3. What is n(y)?
0
Let s(t) be the second derivative of -t**7/1260 + t**6/720 + t**5/120 + 7*t**4/6 + 13*t. Let k(a) be the third derivative of s(a). Determine k(2).
-5
Let a = 617 - 620. Let t(d) = 3*d**2 - 2 + 4 + d**3 + 0*d**2. What is t(a)?
2
Let h(n) be the second 